e the remainder when 6 is divided by 26/6 - 1/k.
2
Calculate the remainder when 118 is divided by (8 - (-150)/(-20))/((-2)/(-120)).
28
Suppose 0 = -2*a - 14 - 12. Suppose 8*x - 4*x + 32 = 0. Let s = x - a. Calculate the remainder when 8 is divided by s.
3
What is the remainder when 4 - (8 + -4) - -15 is divided by 7?
1
Suppose 0 = -2*r - 5*h + 36, -36 = -4*r - 3*h + 8. Let i(w) = -2*w - 6. Let c be i(-4). Let x = 5 - c. Calculate the remainder when r is divided by x.
2
Let g(m) = m**3 + m**2 - 15. Let n be g(0). What is the remainder when (-4)/10 + (-306)/n is divided by 11?
9
Let s(l) = l**3 + 4*l**2 + 10. Suppose -3*h - 2*m - 134 = -8*h, -3*h - 3*m = -93. Calculate the remainder when h is divided by s(-4).
8
Suppose 3*p + 3 = 21. Suppose -o - 2*o = -p. Suppose x + 16 = o*x. Calculate the remainder when x is divided by 6.
4
Let z(s) = -s**2 - 6. Let f be z(0). Let b(p) = p**2 - 9*p - 12. Let n be b(10). Calculate the remainder when (-147)/f + (-1)/n is divided by 9.
7
Let h(x) = -12*x + 2. Suppose b + 3*b + 32 = 0. Let f = b - -17. Calculate the remainder when h(-2) is divided by f.
8
Let k(x) = -x**3 - 6*x**2 - 6*x + 5. Suppose -2*t + 40 + 14 = 0. What is the remainder when t is divided by k(-5)?
7
Let b(h) = 15*h**2 + 3*h + 3. What is the remainder when 23 is divided by b(-1)?
8
Suppose 2*x + 0 = 28. Suppose 2*u + 3*b - 21 = 0, -2*u - b = 3*u - 20. Suppose -u*y + 2*y = -27. Calculate the remainder when y is divided by x.
13
Let m(w) = -w**3 + 4*w**2 + 7*w - 1. Calculate the remainder when 20 is divided by m(5).
2
Let t(q) = -4*q. Let a(z) = z. Let k(m) = -7*a(m) - 2*t(m). Let u(c) = c - 6. What is the remainder when k(4) is divided by u(9)?
1
Let q(n) = 2*n**2 - 2*n - 4. Let s be q(3). Suppose 4*j + 2*d = 30 + 26, -2*j + s = -4*d. What is the remainder when 35 is divided by j?
11
Let w be (-2)/3*(-3)/(-2). Let k = -50 + 30. Calculate the remainder when (16/k)/(w/40) is divided by 11.
10
Suppose -8*o + 90 = -86. Calculate the remainder when 130 is divided by o.
20
Suppose 2*b + 2*b + 2*f = 30, 0 = 3*f - 15. Suppose 0 = -l + 4*l - 6. Let y = 0 + l. What is the remainder when b is divided by y?
1
Suppose -6*b + 5*q + 65 = -b, q + 58 = 4*b. Calculate the remainder when (-2176)/(-120) + (-2)/b is divided by 7.
4
Suppose 4*h - 13 - 19 = 0. Suppose -23 = -3*i - 8. Let g = i - 0. Calculate the remainder when h is divided by g.
3
Let i = 12 - 8. Suppose -4*u = u - i*l - 52, 46 = 4*u - l. Let p = 13 + 9. Calculate the remainder when p is divided by u.
10
Suppose -104 = -3*a + 52. Let k = 126 - a. What is the remainder when k is divided by 19?
17
Suppose -5*d + 39 = -16. Calculate the remainder when 30 is divided by d.
8
What is the remainder when 3/(5/((-350)/(-3))) is divided by 107/6 - 1/(-6)?
16
Let s = -4 + 4. Suppose s*d - 126 = -3*d. Calculate the remainder when d is divided by 22.
20
Suppose -14*p - 106 = -1940. Calculate the remainder when p is divided by 19.
17
Suppose -3*u - 4 = -4*u. What is the remainder when 132/21 - (-2)/(-7) is divided by u?
2
Let x = 180 - 158. Suppose 5*c = 4*y + c - 44, 2*c + 10 = 0. Calculate the remainder when x is divided by y.
4
Let x(f) = -5*f + 1. Let p be x(3). Calculate the remainder when 8 is divided by (-66)/p + (-10)/(-35).
3
Let v = -15 - 5. Let d = -9 - v. Calculate the remainder when (-122)/(-6) + (-1)/3 is divided by d.
9
Let i(v) = 3*v - 3. Let p be i(2). Let f = p + 1. Suppose -n - n + 13 = 5*g, -26 = -n + f*g. What is the remainder when 41 is divided by n?
13
Suppose -u - 4 = -16. Calculate the remainder when 59 is divided by u.
11
Suppose -3*o - 5*i = 11 - 115, 2*i = -2*o + 76. What is the remainder when o is divided by 23?
20
Let t(j) = -j**3 - 6*j**2 - 7*j - 7. What is the remainder when 3 is divided by t(-5)?
0
Let j = 0 + 14. What is the remainder when j is divided by (-671)/(-77) + (-4)/(-14)?
5
Suppose 14*b = 123 + 143. Let a be 34/6 - (-2)/(-3). Suppose 4*p = -0*p + a*q + 214, -5*p = -q - 278. What is the remainder when p is divided by b?
18
Let p = 1 - -2. Suppose 0 = p*x - 2*x - 2. Suppose 3*k - 44 = -x*k + 4*j, -5*j - 37 = -4*k. What is the remainder when 15 is divided by k?
7
Let l = 32 + 1. Calculate the remainder when l is divided by 18.
15
Suppose 0 = -3*c - 2*i + 67, -c + 0*i + 29 = 4*i. What is the remainder when 60 is divided by c?
18
Suppose 5*h = -22 + 92. Let m = h - -13. Calculate the remainder when m is divided by (-52)/(-5) + 4/(-10).
7
Let b(q) = q**2 - 16*q + 20. Let k be b(15). Suppose -2*h - k*g = h - 84, 5*h - 124 = -3*g. What is the remainder when h is divided by 13?
10
Let z(k) = k**3 + 12*k**2 + 6*k. Let b be z(-11). Let s = b + -19. What is the remainder when s is divided by 13?
10
Let a = 270 + -170. What is the remainder when a is divided by 15?
10
Suppose 9 - 1 = 4*x. Suppose -3*u = -q - 20, 5*u - 22 = q + 12. Suppose -2*c - u = 3*w, c - 3*w + 4*w = -2. Calculate the remainder when x is divided by c.
0
Let d(s) = s - 1. Let b be d(6). Suppose 0 = b*p - 17 - 63. What is the remainder when 30 is divided by p?
14
Suppose 1032 = 2*r + 6*r. Calculate the remainder when r is divided by 44.
41
Let g be (-7)/(-2) + 4/8. Suppose g*r - 4*c + 8 = -0*c, -c + 6 = r. What is the remainder when 2 is divided by r?
0
Let f(s) = -s**3 - 4*s**2 - 3*s - 1. Let q be f(-3). Let y(z) = -10*z**3 + z**2 + 2*z + 1. What is the remainder when y(q) is divided by 3?
1
Let p = -78 - -119. What is the remainder when p is divided by 12?
5
Let g(h) be the third derivative of -h**5/60 + h**4/6 - h**3/3 + 3*h**2. Let o be g(4). Calculate the remainder when 47 is divided by o/(2 + 51/(-24)).
15
Let m = -76 - -152. Suppose 4*l = -4*i + m, -i + 25 = l - 3*i. What is the remainder when l is divided by 6?
3
Let g(q) = -q**2 + 7*q + 11. Let p = -12 - -19. What is the remainder when p is divided by g(8)?
1
Let u(s) = -s + 7. Let m(l) = l + 23. Calculate the remainder when m(-11) is divided by u(0).
5
Let p(g) be the second derivative of -g**3/3 - 3*g**2 - g. Let m = 4 - -3. What is the remainder when m is divided by p(-5)?
3
Suppose -5*y = 2*n - 2*y - 122, 0 = -n - 2*y + 62. What is the remainder when n is divided by 20?
18
Let b(j) be the first derivative of j**2/2 + j - 3. Let o be b(-1). Suppose 5*c - 2 - 43 = o. Calculate the remainder when c is divided by 5.
4
Let q = 25 + 19. What is the remainder when 86 is divided by q?
42
Suppose -5*v + 15 = -4*v. Suppose d - 11 = -4*l, -3*l - 3*d = -4*d - 10. Suppose l*o = -60 + 144. What is the remainder when o is divided by v?
13
Let x(u) = -15*u - 4. Let m be x(-2). Calculate the remainder when m*1*(5 - 4) is divided by ((-8)/(-6))/(2/21).
12
Let x be 7*-9*8/84. Let k = 0 - x. What is the remainder when 22 is divided by k?
4
Let o(f) = 2*f**2 + 3*f + 5. Let a = -40 + 66. Calculate the remainder when o(4) is divided by a.
23
Let a(g) = g**2 - 5*g - 21. Calculate the remainder when a(-5) is divided by 10.
9
Let h = 0 - -6. Suppose -7*p = -h*p - 58. Calculate the remainder when p is divided by 15.
13
Let c = -5 + -3. Let x(w) = -w**2 - 17*w + 8. Calculate the remainder when x(c) is divided by 27.
26
Let n(z) = 7*z + 23. Calculate the remainder when 57 is divided by n(0).
11
Suppose 5*m + 4*g = 12, 4*m - 3 = -g - 0. Suppose m*j - 51 = -j. Calculate the remainder when j is divided by 13.
12
Suppose -4*y + y - 5*u = -44, 48 = 5*y + 2*u. Suppose y = -5*d + 28. What is the remainder when 9 is divided by d?
1
Let q = 68 - 146. Suppose -9 = -0*a - 2*a - r, -21 = -4*a - 5*r. Calculate the remainder when 36 is divided by a*(q/(-8))/3.
10
Let v = 10 + -19. Let n = 8 - v. What is the remainder when n is divided by 10?
7
Suppose 8 = g + 7. Let k(y) = 15*y - 1. Calculate the remainder when (27/(-12))/(1/(-12)) is divided by k(g).
13
Suppose 2*y + 0 = -2*f + 2, 2*y = 3*f - 18. Let z = -2 - -5. Suppose 2*d + 18 = 3*d - 3*q, z*q = -4*d + 12. What is the remainder when d is divided by f?
2
Let q(u) = u**2 + u - 7. Suppose -3*x - 144 = -7*x. What is the remainder when x is divided by q(-5)?
10
Let b(i) = i - 3. Let f(x) = x - 2. Let c(t) = -2*b(t) + 5*f(t). Calculate the remainder when 12 is divided by c(3).
2
Suppose 54 = -5*h + 274. What is the remainder when h is divided by 15?
14
Let m = 80 + -77. Let w = 0 - -2. What is the remainder when m is divided by w?
1
Let l = 2